s the units digit of i?
2
Let s(d) = 2*d + 28. Let a(n) = n + 1. Let t(u) = -3*a(u) - s(u). Let c be t(-5). What is the units digit of 1 + c/5*-5?
7
Let s be (-4 - (-22)/6)*-9. Suppose -292 = q - 2*y, -4*q + s*q + y = 295. What is the hundreds digit of 54/(-36)*(q/3 - 0)?
1
Let q be (-1 - -2)*(112/(-8) - -5). Let y(s) = -66*s - 13. What is the hundreds digit of y(q)?
5
Let j(o) = -838*o - 193. What is the tens digit of j(-3)?
2
Let c = -28514 + 56655. What is the thousands digit of c?
8
Suppose 0 = -3*h - s + 10674, 5*h - 2*s + 1351 - 19141 = 0. What is the units digit of h?
8
Suppose 0 = -55*b - 23*b + 42510. What is the units digit of b?
5
Suppose 5*o = 902 + 1918. Suppose -o = 53*m - 59*m. What is the units digit of m?
4
Let j = -63 - -67. Suppose 5*b - 316 = -3*s + 82, 2*b - j*s - 154 = 0. Let w = b + -45. What is the tens digit of w?
3
Suppose 4*v - 43 = 261. Suppose -v + 10 = 2*r. What is the units digit of ((-110)/r)/((-40)/21 + 2)?
5
Let m(i) = -74*i + 1. Let c be m(-4). Suppose 4*s + 78 = -3*b + 919, b = 2*s + c. What is the tens digit of b?
8
Let k(v) = 6*v**2 + v + 1. Let n(a) = a**3 + a**2 + a + 1. Let j(m) = k(m) - 2*n(m). What is the units digit of j(-1)?
6
Suppose 41*h + 39*h + 32284 = 82*h. What is the ten thousands digit of h?
1
Suppose 2*k - 5*w - 9 = 0, -4*k - 24 = 4*w - 0. What is the tens digit of 39/(-13) - (-286)/(-1 - k)?
4
Let p be -2 + (-204)/(-15) - (-2)/5. Suppose 3*c = -c + p, -c + 361 = 2*j. Let z = 263 - j. What is the tens digit of z?
8
Suppose q + r - 374 = -4*q, 5*q = 4*r + 354. Let a = -4937 + 5074. Let w = a - q. What is the tens digit of w?
6
Let w = -133 - -74. Let h = 35 + w. What is the units digit of (302/h - (-2)/(-3))*-8?
6
What is the hundreds digit of 3/(-54) + (-1670018)/(-252)?
6
Let l = 9148 + -1357. What is the units digit of l?
1
Suppose 65*b = 156261 + 89959. What is the units digit of b?
8
Let d = 11617 - -5544. What is the thousands digit of d?
7
Let m(i) = i**3 + 11*i**2 + 11*i + 9. Let y be m(-10). What is the tens digit of 17 - -289 - (y + 3)?
0
What is the ten thousands digit of (1635/45 + -17)/(-1 - (-8459)/8457)?
8
Let q(w) = -6*w**3 + 2*w**2 - 6*w - 10. Let b = -181 - -179. What is the tens digit of q(b)?
5
Let c = 30771 + -22053. What is the units digit of c?
8
Let u(n) = -n + 2. Let r be u(-13). Let d be 22/5 + ((-21)/r - -1). Suppose -5*h - 43 = -4*l + 16, 76 = 5*l - d*h. What is the units digit of l?
6
Suppose 0 = 5*g - 294 + 14. Let m = -41 + g. Let w = m - -20. What is the units digit of w?
5
What is the tens digit of ((-84)/(-28))/12*317692?
2
Suppose -4*h + 56551 = 6*h - 35549. What is the hundreds digit of h?
2
Suppose d = -5*r + 82346, -4*d + 1196 = -2*r + 34108. What is the units digit of r?
8
Let z be 96/30 - 2/10. Let c = z + -73. What is the units digit of (-480)/100*c/4?
4
Suppose -5479 = -5*s + 36256. What is the tens digit of s?
4
Let a(h) = -15*h**3 - 6*h**2 + 3*h + 35. Let f be 3*-1 + 0/(-14). What is the hundreds digit of a(f)?
3
Suppose -23 = -t - 351. Let k = 346 + t. What is the tens digit of k?
1
Suppose -2*c - 3*l + 3 = 11, -8 = 2*l. Suppose -4*t + 129 = 3*m - 242, 229 = c*m - t. What is the tens digit of m?
1
Suppose -4*c - 5*a = -274191, -47*c - 4*a = -46*c - 68523. What is the units digit of c?
9
Let q(r) = 19*r**3 - 8*r**2 - 4*r + 53. Let l(n) = 10*n**3 - 4*n**2 - n + 26. Let i(t) = -11*l(t) + 6*q(t). What is the tens digit of i(5)?
6
Let t = -32287 - -45247. What is the ten thousands digit of t?
1
Let q(f) be the first derivative of -f**4/4 + 13*f**3/3 + f**2/2 + 26*f + 27. Let b be q(13). What is the hundreds digit of 4 - b/(140/(-64) + 2)?
2
Let d = 32874 + -11496. What is the ten thousands digit of d?
2
Let k = 391 - 351. Suppose -k*v - 3212 = -51*v. What is the units digit of v?
2
Let m be (1267/14)/(2/4). Let z = 417 - m. What is the units digit of z?
6
Suppose 42*i + 432761 = 49*i. What is the units digit of i?
3
Suppose -a - 20 = -5*a, -5*y = 4*a - 40. Suppose -2*r - l = 3*l - 102, -y*r + 177 = -l. What is the tens digit of r?
4
Let v(a) = a**3 - 18*a**2 - 13*a + 3. Let r be v(18). What is the hundreds digit of ((-7)/2)/(r/114 - -2)?
1
Suppose 0 = -4*q + 710 - 42. Let l = q + 196. What is the hundreds digit of l?
3
Suppose 12*a - 3*k + 8549 - 62063 = 0, 0 = a + 4*k - 4451. What is the tens digit of a?
5
Suppose 7005*x + 43333 = 3*a + 7003*x, 8 = -4*x. What is the hundreds digit of a?
4
Suppose d + 785 = 5*l, -2*l + d = 6*d - 287. Suppose -3*i + l + 595 = 2*h, h - 5 = 0. What is the tens digit of i?
4
Let a be 7/(7/3) - -5. Let r be a/3*(-552)/16. Let q = -64 - r. What is the tens digit of q?
2
Suppose 27*z - 36050 = 48*z - 31*z. What is the hundreds digit of z?
6
Suppose 2474817 = 281*h - 1928453. What is the hundreds digit of h?
6
Let u be ((-2 - -2) + 58)*(-138)/(-12). Suppose -u - 3628 = -5*a. What is the tens digit of a?
5
Let g be (5 - (5 - 1)) + 123. Let t = g - -268. What is the hundreds digit of t?
3
Suppose 6*t = -36 + 30. Let g(s) = 109*s**2 - 3*s - 4. What is the units digit of g(t)?
8
Let l(v) = 10*v**2 - 5*v**2 - 3*v + 1 + 5*v. Let o be l(-1). Suppose 6*w + o = 46. What is the units digit of w?
7
Suppose 33*m = 34*m + 9. Suppose 0 = -2*x - x + 30. What is the units digit of 5/x*0 - m?
9
Let h = 90 - 139. Let y = h - -54. Let n(d) = 2*d**3 - 3*d**2 + 3*d - 1. What is the units digit of n(y)?
9
Let z = 602 + -608. What is the units digit of (8/z)/(66/(-28413))?
4
Suppose -76*g + 354 = -74*g. Suppose 0 = 178*b - g*b - 445. What is the tens digit of b?
4
Suppose 0 = -3*x + 1220 + 82. Suppose 9*r - 47 = -x. Let f = 61 + r. What is the units digit of f?
8
Let y(u) = 3*u - 6. Let f be y(3). Suppose 7*m + 34 = -3*o + f*m, 0 = 2*m + 2. What is the units digit of (-3 - -71)*o/(-8)?
5
Suppose 10784 = 15*t - 1351. Let a = t + -349. What is the tens digit of a?
6
Let y = -257 - -262. Suppose w = y*a - 2012, -w - 4*w + 1598 = 4*a. What is the units digit of a?
2
Let s be (-9420)/120*(-19 - -1). Let g = s + -277. What is the thousands digit of g?
1
Let x(a) = -a**3 - 8*a**2 + 10*a + 13. Let p be x(-9). Suppose -s - 69 + 915 = 3*n, 0 = -2*n + p*s + 550. What is the hundreds digit of n?
2
Let v(o) = -10*o**2 + 2*o - 2. Let j be v(-3). Let a = 202 + j. Suppose -4*y - 4*t + 135 = -301, y - 4*t = a. What is the hundreds digit of y?
1
Let h(d) = d**3 - 27*d**2 + 41*d - 1. Let g be h(34). Suppose 0 = 9*w - g + 1691. What is the units digit of w?
6
Let z(j) = -j**2 + 15*j - 29. Let c be z(14). Let t = -82 + c. Let h = 182 + t. What is the tens digit of h?
8
Let x(w) = 876*w**2 - 45*w + 5. What is the thousands digit of x(-3)?
8
Let w(s) = 2*s**3 - 4*s**2 - s + 4. Let y(i) = -3*i + 16. Let o be y(4). Let j be w(o). Let f = -38 + j. What is the units digit of f?
6
Let q(a) = -30*a**3 + 2*a**2 + 10*a + 6. Let h be q(-3). Suppose -h = -406*i + 402*i. What is the units digit of i?
1
Let u be (13492/8)/(1/(-6)*-3). Suppose -4*o = -u - 1351. What is the units digit of o?
1
Let l be (-20)/(1*3/(-6)). Let b = l - 122. Let q = 48 - b. What is the tens digit of q?
3
Let i be 32/40*-5*2/(-4). What is the hundreds digit of 1 + i + (-1107)/(-3)?
3
Suppose -3*g + 74573 = 3*o - 101164, 3*o + 4*g - 175739 = 0. What is the thousands digit of o?
8
Let c be ((-81)/(-2))/((-12)/(-48)). Suppose o + 5*m + c = -71, 5*o = -3*m - 1275. What is the units digit of o/(-9)*(-5 - -8)?
6
Suppose 29*v + 15 - 160 = 0. What is the hundreds digit of (-13 + 15)*((-1535)/(-2))/v?
3
Suppose -22*f + 3*q = -17*f - 10220, 3*q + 15 = 0. What is the thousands digit of f?
2
Let o = -793 - -1695. Suppose 6*q = 820 + o. What is the hundreds digit of q?
2
Suppose 2*s = -2*w + 40, 3*w - 7*s + 3*s = 60. Suppose 0 = w*d + 24*d - 58300. What is the thousands digit of d?
1
Suppose -2*f + 608 = 4*i, -4*f + 1188 = -i + 2*i. Let x = 885 - f. What is the hundreds digit of x?
5
Suppose -4*j + 5864 = -56*w + 52*w, -4*w + 1491 = j. What is the hundreds digit of j?
4
Let r = 364 + -485. Let a = r + 778. What is the hundreds digit of a?
6
Let t be -1 - 6*-1 - (-139 + -73993). Suppose 41*c = -8*c + t. What is the units digit of c?
3
What is the units digit of (-2 - -6) + 170*252/70?
6
Let r = 162 - 163. What is the tens digit of (-594 - -9)/(-9) - (-5 - r)?
6
Let h(j) = 50 - 46 + 10*j + 4 + 8. Suppose 5*y - 22 - 3 